{"id":164,"date":"2021-12-28T20:00:07","date_gmt":"2021-12-28T19:00:07","guid":{"rendered":"http:\/\/leoarruda.ovh\/?page_id=164"},"modified":"2023-04-13T14:20:44","modified_gmt":"2023-04-13T12:20:44","slug":"portfolio","status":"publish","type":"page","link":"https:\/\/leoarruda.ovh\/","title":{"rendered":"Accueil"},"content":{"rendered":"\t\t<div data-elementor-type=\"wp-page\" data-elementor-id=\"164\" class=\"elementor elementor-164\">\n\t\t\t\t\t\t\t\t\t<section class=\"elementor-section elementor-top-section elementor-element elementor-element-aad2dc8 elementor-section-boxed elementor-section-height-default elementor-section-height-default\" data-id=\"aad2dc8\" data-element_type=\"section\">\n\t\t\t\t\t\t<div class=\"elementor-container elementor-column-gap-default\">\n\t\t\t\t\t<div class=\"elementor-column elementor-col-50 elementor-top-column elementor-element elementor-element-9c3fcab\" data-id=\"9c3fcab\" data-element_type=\"column\">\n\t\t\t<div class=\"elementor-widget-wrap elementor-element-populated\">\n\t\t\t\t\t\t\t\t<div class=\"elementor-element elementor-element-4b68e8f elementor-widget elementor-widget-testimonial\" data-id=\"4b68e8f\" data-element_type=\"widget\" data-widget_type=\"testimonial.default\">\n\t\t\t\t<div class=\"elementor-widget-container\">\n\t\t\t<style>\/*! elementor - v3.16.0 - 17-10-2023 *\/\n.elementor-testimonial-wrapper{overflow:hidden;text-align:center}.elementor-testimonial-wrapper .elementor-testimonial-content{font-size:1.3em;margin-bottom:20px}.elementor-testimonial-wrapper .elementor-testimonial-name{line-height:1.5;display:block}.elementor-testimonial-wrapper .elementor-testimonial-job{font-size:.85em;display:block}.elementor-testimonial-wrapper .elementor-testimonial-meta{width:100%;line-height:1}.elementor-testimonial-wrapper .elementor-testimonial-meta-inner{display:inline-block}.elementor-testimonial-wrapper .elementor-testimonial-meta .elementor-testimonial-details,.elementor-testimonial-wrapper .elementor-testimonial-meta .elementor-testimonial-image{display:table-cell;vertical-align:middle}.elementor-testimonial-wrapper .elementor-testimonial-meta .elementor-testimonial-image img{width:60px;height:60px;border-radius:50%;-o-object-fit:cover;object-fit:cover;max-width:none}.elementor-testimonial-wrapper .elementor-testimonial-meta.elementor-testimonial-image-position-aside .elementor-testimonial-image{padding-right:15px}.elementor-testimonial-wrapper .elementor-testimonial-meta.elementor-testimonial-image-position-aside .elementor-testimonial-details{text-align:left}.elementor-testimonial-wrapper .elementor-testimonial-meta.elementor-testimonial-image-position-top .elementor-testimonial-details,.elementor-testimonial-wrapper .elementor-testimonial-meta.elementor-testimonial-image-position-top .elementor-testimonial-image{display:block}.elementor-testimonial-wrapper .elementor-testimonial-meta.elementor-testimonial-image-position-top .elementor-testimonial-image{margin-bottom:20px}<\/style>\t\t<div class=\"elementor-testimonial-wrapper\">\n\t\t\t\n\t\t\t\t\t\t<div class=\"elementor-testimonial-meta elementor-has-image elementor-testimonial-image-position-aside\">\n\t\t\t\t<div class=\"elementor-testimonial-meta-inner\">\n\t\t\t\t\t\t\t\t\t\t\t<div class=\"elementor-testimonial-image\">\n\t\t\t\t\t\t\t<a href=\"https:\/\/leoarruda.ovh\/index.php\/a-propos\/\"><img width=\"827\" height=\"738\" src=\"https:\/\/leoarruda.ovh\/wp-content\/uploads\/2023\/04\/leo.jpg\" class=\"attachment-full size-full wp-image-1659\" alt=\"\" loading=\"lazy\" srcset=\"https:\/\/leoarruda.ovh\/wp-content\/uploads\/2023\/04\/leo.jpg 827w, https:\/\/leoarruda.ovh\/wp-content\/uploads\/2023\/04\/leo-300x268.jpg 300w, https:\/\/leoarruda.ovh\/wp-content\/uploads\/2023\/04\/leo-768x685.jpg 768w\" sizes=\"(max-width: 827px) 100vw, 827px\" \/><\/a>\t\t\t\t\t\t<\/div>\n\t\t\t\t\t\n\t\t\t\t\t\t\t\t\t\t<div class=\"elementor-testimonial-details\">\n\t\t\t\t\t\t\t\t\t\t\t\t\t\t<a class=\"elementor-testimonial-name\" href=\"https:\/\/leoarruda.ovh\/index.php\/a-propos\/\">Leo Arruda<\/a>\n\t\t\t\t\t\t\t\t\t\t\t\t\t\t\t\t\t\t\t\t\t\t<a class=\"elementor-testimonial-job\" href=\"https:\/\/leoarruda.ovh\/index.php\/a-propos\/\">   Designer<\/a>\n\t\t\t\t\t\t\t\t\t\t\t\t\t<\/div>\n\t\t\t\t\t\t\t\t\t<\/div>\n\t\t\t<\/div>\n\t\t\t\t\t<\/div>\n\t\t\t\t<\/div>\n\t\t\t\t<\/div>\n\t\t\t\t\t<\/div>\n\t\t<\/div>\n\t\t\t\t<div class=\"elementor-column elementor-col-50 elementor-top-column elementor-element elementor-element-e4f8357\" data-id=\"e4f8357\" data-element_type=\"column\">\n\t\t\t<div class=\"elementor-widget-wrap elementor-element-populated\">\n\t\t\t\t\t\t\t\t<div class=\"elementor-element elementor-element-6bae633 elementor-widget__width-initial animated-fast elementor-invisible elementor-widget elementor-widget-alert\" data-id=\"6bae633\" data-element_type=\"widget\" data-settings=\"{&quot;_animation&quot;:&quot;fadeInRight&quot;}\" data-widget_type=\"alert.default\">\n\t\t\t\t<div class=\"elementor-widget-container\">\n\t\t\t<style>\/*! elementor - v3.16.0 - 17-10-2023 *\/\n.elementor-alert{padding:15px;border-left:5px solid transparent;position:relative;text-align:left}.elementor-alert .elementor-alert-title{display:block;font-weight:700}.elementor-alert .elementor-alert-description{font-size:13px}.elementor-alert button.elementor-alert-dismiss{position:absolute;right:var(--dismiss-icon-horizontal-position,10px);top:var(--dismiss-icon-vertical-position,10px);padding:3px;font-size:var(--dismiss-icon-size,20px);line-height:1;background:transparent;color:var(--dismiss-icon-normal-color,inherit);border:none;cursor:pointer;transition-duration:var(--dismiss-icon-hover-transition-duration,.3s)}.elementor-alert button.elementor-alert-dismiss:hover{color:var(--dismiss-icon-hover-color,inherit)}.elementor-alert button.elementor-alert-dismiss svg{width:var(--dismiss-icon-size,20px);height:var(--dismiss-icon-size,20px);fill:var(--dismiss-icon-normal-color,currentColor);transition-duration:var(--dismiss-icon-hover-transition-duration,.3s)}.elementor-alert button.elementor-alert-dismiss svg:hover{fill:var(--dismiss-icon-hover-color,currentColor)}.elementor-alert.elementor-alert-info{color:#31708f;background-color:#d9edf7;border-color:#bcdff1}.elementor-alert.elementor-alert-success{color:#3c763d;background-color:#dff0d8;border-color:#cae6be}.elementor-alert.elementor-alert-warning{color:#8a6d3b;background-color:#fcf8e3;border-color:#f9f0c3}.elementor-alert.elementor-alert-danger{color:#a94442;background-color:#f2dede;border-color:#e8c4c4}@media (max-width:767px){.elementor-alert{padding:10px}.elementor-alert button.elementor-alert-dismiss{right:7px;top:7px}}<\/style>\t\t<div class=\"elementor-alert elementor-alert-info\" role=\"alert\">\n\t\t\t<span class=\"elementor-alert-title\">Service Freelance<\/span>\n\t\t\t\t\t\t\t<span class=\"elementor-alert-description\"> Sp\u00e9cialis\u00e9e dans la cr\u00e9ation d'image de marque, j'assiste les professionnels, entrepreneurs et petites entreprises dans la cr\u00e9ation d'identit\u00e9 visuelle, supports print et digitaux. <\/span>\n\t\t\t\t\t\t\t\t\t\t<button type=\"button\" class=\"elementor-alert-dismiss\">\n\t\t\t\t\t\t\t\t\t\t\t<span aria-hidden=\"true\">&times;<\/span>\n\t\t\t\t\t\t\t\t\t\t<span class=\"elementor-screen-only\">Descartar esta alerta.<\/span>\n\t\t\t\t<\/button>\n\t\t\t\t\t<\/div>\n\t\t\t\t<\/div>\n\t\t\t\t<\/div>\n\t\t\t\t\t<\/div>\n\t\t<\/div>\n\t\t\t\t\t\t\t<\/div>\n\t\t<\/section>\n\t\t\t\t<section class=\"elementor-section elementor-top-section elementor-element elementor-element-42b5411 elementor-section-boxed elementor-section-height-default elementor-section-height-default\" data-id=\"42b5411\" data-element_type=\"section\">\n\t\t\t\t\t\t<div class=\"elementor-container elementor-column-gap-default\">\n\t\t\t\t\t<div class=\"elementor-column elementor-col-33 elementor-top-column elementor-element elementor-element-3ebaf48\" data-id=\"3ebaf48\" data-element_type=\"column\">\n\t\t\t<div class=\"elementor-widget-wrap elementor-element-populated\">\n\t\t\t\t\t\t\t\t<div class=\"elementor-element elementor-element-2a18224 elementor-widget elementor-widget-e_image_hover_effects\" data-id=\"2a18224\" data-element_type=\"widget\" data-widget_type=\"e_image_hover_effects.default\">\n\t\t\t\t<div class=\"elementor-widget-container\">\n\t\t\t\t\t\t<a href=\"https:\/\/leoarruda.ovh\/index.php\/logos\/\">\n\t\t\t\t\t<div class=\"eihe-box eihe-fade eihe_center\">\n\t\t\t\t<img width=\"378\" height=\"378\" src=\"https:\/\/leoarruda.ovh\/wp-content\/uploads\/2022\/02\/p-1.png\" class=\"attachment-full size-full wp-image-1224\" alt=\"\" loading=\"lazy\" srcset=\"https:\/\/leoarruda.ovh\/wp-content\/uploads\/2022\/02\/p-1.png 378w, https:\/\/leoarruda.ovh\/wp-content\/uploads\/2022\/02\/p-1-300x300.png 300w, https:\/\/leoarruda.ovh\/wp-content\/uploads\/2022\/02\/p-1-150x150.png 150w\" sizes=\"(max-width: 378px) 100vw, 378px\" \/>\t\t\t\t<div class=\"eihe-caption\">\n\t\t\t\t\t<div class=\"eihe-title-cover\">\n\t\t\t\t\t\t\t\t\t\t\t\t<h3 class=\"eihe-title\"><\/h3>\n\t\t\t\t\t\t\t\t\t\t\t<\/div>\n\t\t\t\t\t<p>Logos<\/p>\n\t\t\t\t<\/div>\n\t\t\t<\/div>\n\t\t\t\t\t<\/a>\n\t\t\t\t<\/div>\n\t\t\t\t<\/div>\n\t\t\t\t\t<\/div>\n\t\t<\/div>\n\t\t\t\t<div class=\"elementor-column elementor-col-33 elementor-top-column elementor-element elementor-element-0c0da47\" data-id=\"0c0da47\" data-element_type=\"column\">\n\t\t\t<div class=\"elementor-widget-wrap elementor-element-populated\">\n\t\t\t\t\t\t\t\t<div class=\"elementor-element elementor-element-e979d19 elementor-widget elementor-widget-e_image_hover_effects\" data-id=\"e979d19\" data-element_type=\"widget\" data-widget_type=\"e_image_hover_effects.default\">\n\t\t\t\t<div class=\"elementor-widget-container\">\n\t\t\t\t\t\t<a href=\"https:\/\/leoarruda.ovh\/index.php\/publicite\/\">\n\t\t\t\t\t<div class=\"eihe-box eihe-fade eihe_center\">\n\t\t\t\t<img width=\"378\" height=\"378\" src=\"https:\/\/leoarruda.ovh\/wp-content\/uploads\/2022\/02\/o.png\" class=\"attachment-full size-full wp-image-1221\" alt=\"\" loading=\"lazy\" srcset=\"https:\/\/leoarruda.ovh\/wp-content\/uploads\/2022\/02\/o.png 378w, https:\/\/leoarruda.ovh\/wp-content\/uploads\/2022\/02\/o-300x300.png 300w, https:\/\/leoarruda.ovh\/wp-content\/uploads\/2022\/02\/o-150x150.png 150w\" sizes=\"(max-width: 378px) 100vw, 378px\" \/>\t\t\t\t<div class=\"eihe-caption\">\n\t\t\t\t\t<div class=\"eihe-title-cover\">\n\t\t\t\t\t\t\t\t\t\t\t\t<h3 class=\"eihe-title\"><\/h3>\n\t\t\t\t\t\t\t\t\t\t\t<\/div>\n\t\t\t\t\t<p>Print<\/p>\n\t\t\t\t<\/div>\n\t\t\t<\/div>\n\t\t\t\t\t<\/a>\n\t\t\t\t<\/div>\n\t\t\t\t<\/div>\n\t\t\t\t\t<\/div>\n\t\t<\/div>\n\t\t\t\t<div class=\"elementor-column elementor-col-33 elementor-top-column elementor-element elementor-element-95faa35\" data-id=\"95faa35\" data-element_type=\"column\">\n\t\t\t<div class=\"elementor-widget-wrap elementor-element-populated\">\n\t\t\t\t\t\t\t\t<div class=\"elementor-element elementor-element-8687ed7 elementor-widget elementor-widget-e_image_hover_effects\" data-id=\"8687ed7\" data-element_type=\"widget\" data-widget_type=\"e_image_hover_effects.default\">\n\t\t\t\t<div class=\"elementor-widget-container\">\n\t\t\t\t\t\t<a href=\"https:\/\/leoarruda.ovh\/index.php\/tv\/\">\n\t\t\t\t\t<div class=\"eihe-box eihe-fade eihe_center\">\n\t\t\t\t<img width=\"378\" height=\"378\" src=\"https:\/\/leoarruda.ovh\/wp-content\/uploads\/2022\/02\/r.png\" class=\"attachment-full size-full wp-image-1225\" alt=\"\" loading=\"lazy\" srcset=\"https:\/\/leoarruda.ovh\/wp-content\/uploads\/2022\/02\/r.png 378w, https:\/\/leoarruda.ovh\/wp-content\/uploads\/2022\/02\/r-300x300.png 300w, https:\/\/leoarruda.ovh\/wp-content\/uploads\/2022\/02\/r-150x150.png 150w\" sizes=\"(max-width: 378px) 100vw, 378px\" \/>\t\t\t\t<div class=\"eihe-caption\">\n\t\t\t\t\t<div class=\"eihe-title-cover\">\n\t\t\t\t\t\t\t\t\t\t\t\t<h3 class=\"eihe-title\"><\/h3>\n\t\t\t\t\t\t\t\t\t\t\t<\/div>\n\t\t\t\t\t<p>TV<\/p>\n\t\t\t\t<\/div>\n\t\t\t<\/div>\n\t\t\t\t\t<\/a>\n\t\t\t\t<\/div>\n\t\t\t\t<\/div>\n\t\t\t\t\t<\/div>\n\t\t<\/div>\n\t\t\t\t\t\t\t<\/div>\n\t\t<\/section>\n\t\t\t\t<section class=\"elementor-section elementor-top-section elementor-element elementor-element-e56d3d4 elementor-section-boxed elementor-section-height-default elementor-section-height-default\" data-id=\"e56d3d4\" data-element_type=\"section\">\n\t\t\t\t\t\t<div class=\"elementor-container elementor-column-gap-default\">\n\t\t\t\t\t<div class=\"elementor-column elementor-col-33 elementor-top-column elementor-element elementor-element-717909c\" data-id=\"717909c\" data-element_type=\"column\">\n\t\t\t<div class=\"elementor-widget-wrap elementor-element-populated\">\n\t\t\t\t\t\t\t\t<div class=\"elementor-element elementor-element-7834017 elementor-widget elementor-widget-e_image_hover_effects\" data-id=\"7834017\" data-element_type=\"widget\" data-widget_type=\"e_image_hover_effects.default\">\n\t\t\t\t<div class=\"elementor-widget-container\">\n\t\t\t\t\t\t<a href=\"https:\/\/leoarruda.ovh\/index.php\/design-graphic\/\">\n\t\t\t\t\t<div class=\"eihe-box eihe-fade eihe_center\">\n\t\t\t\t<img width=\"378\" height=\"378\" src=\"https:\/\/leoarruda.ovh\/wp-content\/uploads\/2022\/02\/t.png\" class=\"attachment-full size-full wp-image-1226\" alt=\"\" loading=\"lazy\" srcset=\"https:\/\/leoarruda.ovh\/wp-content\/uploads\/2022\/02\/t.png 378w, https:\/\/leoarruda.ovh\/wp-content\/uploads\/2022\/02\/t-300x300.png 300w, https:\/\/leoarruda.ovh\/wp-content\/uploads\/2022\/02\/t-150x150.png 150w\" sizes=\"(max-width: 378px) 100vw, 378px\" \/>\t\t\t\t<div class=\"eihe-caption\">\n\t\t\t\t\t<div class=\"eihe-title-cover\">\n\t\t\t\t\t\t\t\t\t\t\t\t<h3 class=\"eihe-title\"><\/h3>\n\t\t\t\t\t\t\t\t\t\t\t<\/div>\n\t\t\t\t\t<p>Design Graphic<\/p>\n\t\t\t\t<\/div>\n\t\t\t<\/div>\n\t\t\t\t\t<\/a>\n\t\t\t\t<\/div>\n\t\t\t\t<\/div>\n\t\t\t\t\t<\/div>\n\t\t<\/div>\n\t\t\t\t<div class=\"elementor-column elementor-col-33 elementor-top-column elementor-element elementor-element-e6f4ec1\" data-id=\"e6f4ec1\" data-element_type=\"column\">\n\t\t\t<div class=\"elementor-widget-wrap elementor-element-populated\">\n\t\t\t\t\t\t\t\t<div class=\"elementor-element elementor-element-c952c46 elementor-widget elementor-widget-e_image_hover_effects\" data-id=\"c952c46\" data-element_type=\"widget\" data-widget_type=\"e_image_hover_effects.default\">\n\t\t\t\t<div class=\"elementor-widget-container\">\n\t\t\t\t\t\t<a href=\"https:\/\/leoarruda.ovh\/index.php\/photographie\/\">\n\t\t\t\t\t<div class=\"eihe-box eihe-fade eihe_center\">\n\t\t\t\t<img width=\"378\" height=\"378\" src=\"https:\/\/leoarruda.ovh\/wp-content\/uploads\/2022\/02\/f.png\" class=\"attachment-full size-full wp-image-1218\" alt=\"\" loading=\"lazy\" srcset=\"https:\/\/leoarruda.ovh\/wp-content\/uploads\/2022\/02\/f.png 378w, https:\/\/leoarruda.ovh\/wp-content\/uploads\/2022\/02\/f-300x300.png 300w, https:\/\/leoarruda.ovh\/wp-content\/uploads\/2022\/02\/f-150x150.png 150w\" sizes=\"(max-width: 378px) 100vw, 378px\" \/>\t\t\t\t<div class=\"eihe-caption\">\n\t\t\t\t\t<div class=\"eihe-title-cover\">\n\t\t\t\t\t\t\t\t\t\t\t\t<h3 class=\"eihe-title\"><\/h3>\n\t\t\t\t\t\t\t\t\t\t\t<\/div>\n\t\t\t\t\t<p>photographie<\/p>\n\t\t\t\t<\/div>\n\t\t\t<\/div>\n\t\t\t\t\t<\/a>\n\t\t\t\t<\/div>\n\t\t\t\t<\/div>\n\t\t\t\t\t<\/div>\n\t\t<\/div>\n\t\t\t\t<div class=\"elementor-column elementor-col-33 elementor-top-column elementor-element elementor-element-54d2df1\" data-id=\"54d2df1\" data-element_type=\"column\">\n\t\t\t<div class=\"elementor-widget-wrap elementor-element-populated\">\n\t\t\t\t\t\t\t\t<div class=\"elementor-element elementor-element-8f48477 elementor-widget elementor-widget-e_image_hover_effects\" data-id=\"8f48477\" data-element_type=\"widget\" data-widget_type=\"e_image_hover_effects.default\">\n\t\t\t\t<div class=\"elementor-widget-container\">\n\t\t\t\t\t\t<a href=\"https:\/\/leoarruda.ovh\/index.php\/illustration\/\">\n\t\t\t\t\t<div class=\"eihe-box eihe-fade eihe_center\">\n\t\t\t\t<img width=\"378\" height=\"378\" src=\"https:\/\/leoarruda.ovh\/wp-content\/uploads\/2022\/02\/o2.png\" class=\"attachment-full size-full wp-image-1222\" alt=\"\" loading=\"lazy\" srcset=\"https:\/\/leoarruda.ovh\/wp-content\/uploads\/2022\/02\/o2.png 378w, https:\/\/leoarruda.ovh\/wp-content\/uploads\/2022\/02\/o2-300x300.png 300w, https:\/\/leoarruda.ovh\/wp-content\/uploads\/2022\/02\/o2-150x150.png 150w\" sizes=\"(max-width: 378px) 100vw, 378px\" \/>\t\t\t\t<div class=\"eihe-caption\">\n\t\t\t\t\t<div class=\"eihe-title-cover\">\n\t\t\t\t\t\t\t\t\t\t\t\t<h3 class=\"eihe-title\"><\/h3>\n\t\t\t\t\t\t\t\t\t\t\t<\/div>\n\t\t\t\t\t<p>Illustration<\/p>\n\t\t\t\t<\/div>\n\t\t\t<\/div>\n\t\t\t\t\t<\/a>\n\t\t\t\t<\/div>\n\t\t\t\t<\/div>\n\t\t\t\t\t<\/div>\n\t\t<\/div>\n\t\t\t\t\t\t\t<\/div>\n\t\t<\/section>\n\t\t\t\t<section class=\"elementor-section elementor-top-section elementor-element elementor-element-cbf5980 elementor-section-boxed elementor-section-height-default elementor-section-height-default\" data-id=\"cbf5980\" data-element_type=\"section\">\n\t\t\t\t\t\t<div class=\"elementor-container elementor-column-gap-default\">\n\t\t\t\t\t<div class=\"elementor-column elementor-col-33 elementor-top-column elementor-element elementor-element-c0f091f\" data-id=\"c0f091f\" data-element_type=\"column\">\n\t\t\t<div class=\"elementor-widget-wrap elementor-element-populated\">\n\t\t\t\t\t\t\t\t<div class=\"elementor-element elementor-element-8788c8f elementor-widget elementor-widget-e_image_hover_effects\" data-id=\"8788c8f\" data-element_type=\"widget\" data-widget_type=\"e_image_hover_effects.default\">\n\t\t\t\t<div class=\"elementor-widget-container\">\n\t\t\t\t\t\t<a href=\"https:\/\/leoarruda.ovh\/index.php\/web-et-social-media\/\">\n\t\t\t\t\t<div class=\"eihe-box eihe-fade eihe_center\">\n\t\t\t\t<img width=\"378\" height=\"378\" src=\"https:\/\/leoarruda.ovh\/wp-content\/uploads\/2022\/02\/menus-web.png\" class=\"attachment-full size-full wp-image-1220\" alt=\"\" loading=\"lazy\" srcset=\"https:\/\/leoarruda.ovh\/wp-content\/uploads\/2022\/02\/menus-web.png 378w, https:\/\/leoarruda.ovh\/wp-content\/uploads\/2022\/02\/menus-web-300x300.png 300w, https:\/\/leoarruda.ovh\/wp-content\/uploads\/2022\/02\/menus-web-150x150.png 150w\" sizes=\"(max-width: 378px) 100vw, 378px\" \/>\t\t\t\t<div class=\"eihe-caption\">\n\t\t\t\t\t<div class=\"eihe-title-cover\">\n\t\t\t\t\t\t\t\t\t\t\t\t<h3 class=\"eihe-title\"><\/h3>\n\t\t\t\t\t\t\t\t\t\t\t<\/div>\n\t\t\t\t\t<p>Web \/ Social Media<\/p>\n\t\t\t\t<\/div>\n\t\t\t<\/div>\n\t\t\t\t\t<\/a>\n\t\t\t\t<\/div>\n\t\t\t\t<\/div>\n\t\t\t\t\t<\/div>\n\t\t<\/div>\n\t\t\t\t<div class=\"elementor-column elementor-col-33 elementor-top-column elementor-element elementor-element-ed8db90\" data-id=\"ed8db90\" data-element_type=\"column\">\n\t\t\t<div class=\"elementor-widget-wrap elementor-element-populated\">\n\t\t\t\t\t\t\t\t<div class=\"elementor-element elementor-element-c291d3e elementor-widget elementor-widget-e_image_hover_effects\" data-id=\"c291d3e\" data-element_type=\"widget\" data-widget_type=\"e_image_hover_effects.default\">\n\t\t\t\t<div class=\"elementor-widget-container\">\n\t\t\t\t\t\t<a href=\"https:\/\/leoarruda.ovh\/index.php\/logos\/\">\n\t\t\t\t\t<div class=\"eihe-box eihe-fade eihe_center\">\n\t\t\t\t<img width=\"378\" height=\"378\" src=\"https:\/\/leoarruda.ovh\/wp-content\/uploads\/2022\/02\/i.png\" class=\"attachment-full size-full wp-image-1219\" alt=\"\" loading=\"lazy\" srcset=\"https:\/\/leoarruda.ovh\/wp-content\/uploads\/2022\/02\/i.png 378w, https:\/\/leoarruda.ovh\/wp-content\/uploads\/2022\/02\/i-300x300.png 300w, https:\/\/leoarruda.ovh\/wp-content\/uploads\/2022\/02\/i-150x150.png 150w\" sizes=\"(max-width: 378px) 100vw, 378px\" \/>\t\t\t\t<div class=\"eihe-caption\">\n\t\t\t\t\t<div class=\"eihe-title-cover\">\n\t\t\t\t\t\t\t\t\t\t\t\t<h3 class=\"eihe-title\"><\/h3>\n\t\t\t\t\t\t\t\t\t\t\t<\/div>\n\t\t\t\t\t<p>Identit\u00e9 Visuelle<\/p>\n\t\t\t\t<\/div>\n\t\t\t<\/div>\n\t\t\t\t\t<\/a>\n\t\t\t\t<\/div>\n\t\t\t\t<\/div>\n\t\t\t\t\t<\/div>\n\t\t<\/div>\n\t\t\t\t<div class=\"elementor-column elementor-col-33 elementor-top-column elementor-element elementor-element-33d365b\" data-id=\"33d365b\" data-element_type=\"column\">\n\t\t\t<div class=\"elementor-widget-wrap elementor-element-populated\">\n\t\t\t\t\t\t\t\t<div class=\"elementor-element elementor-element-2a55520 elementor-widget elementor-widget-e_image_hover_effects\" data-id=\"2a55520\" data-element_type=\"widget\" data-widget_type=\"e_image_hover_effects.default\">\n\t\t\t\t<div class=\"elementor-widget-container\">\n\t\t\t\t\t\t<a href=\"https:\/\/leoarruda.ovh\/index.php\/a-propos\/\">\n\t\t\t\t\t<div class=\"eihe-box eihe-fade eihe_center\">\n\t\t\t\t<img width=\"378\" height=\"378\" src=\"https:\/\/leoarruda.ovh\/wp-content\/uploads\/2022\/02\/o3.png\" class=\"attachment-full size-full wp-image-1223\" alt=\"\" loading=\"lazy\" srcset=\"https:\/\/leoarruda.ovh\/wp-content\/uploads\/2022\/02\/o3.png 378w, https:\/\/leoarruda.ovh\/wp-content\/uploads\/2022\/02\/o3-300x300.png 300w, https:\/\/leoarruda.ovh\/wp-content\/uploads\/2022\/02\/o3-150x150.png 150w\" sizes=\"(max-width: 378px) 100vw, 378px\" \/>\t\t\t\t<div class=\"eihe-caption\">\n\t\t\t\t\t<div class=\"eihe-title-cover\">\n\t\t\t\t\t\t\t\t\t\t\t\t<h3 class=\"eihe-title\"><\/h3>\n\t\t\t\t\t\t\t\t\t\t\t<\/div>\n\t\t\t\t\t<p>\u00c1 propos<\/p>\n\t\t\t\t<\/div>\n\t\t\t<\/div>\n\t\t\t\t\t<\/a>\n\t\t\t\t<\/div>\n\t\t\t\t<\/div>\n\t\t\t\t\t<\/div>\n\t\t<\/div>\n\t\t\t\t\t\t\t<\/div>\n\t\t<\/section>\n\t\t\t\t<section class=\"elementor-section elementor-top-section elementor-element elementor-element-5e716ed elementor-section-boxed elementor-section-height-default elementor-section-height-default\" data-id=\"5e716ed\" data-element_type=\"section\">\n\t\t\t\t\t\t<div class=\"elementor-container elementor-column-gap-default\">\n\t\t\t\t\t<div class=\"elementor-column elementor-col-100 elementor-top-column elementor-element elementor-element-8efabb0\" data-id=\"8efabb0\" data-element_type=\"column\">\n\t\t\t<div class=\"elementor-widget-wrap elementor-element-populated\">\n\t\t\t\t\t\t\t\t<div class=\"elementor-element elementor-element-05d32be elementor-widget elementor-widget-spacer\" data-id=\"05d32be\" data-element_type=\"widget\" data-widget_type=\"spacer.default\">\n\t\t\t\t<div class=\"elementor-widget-container\">\n\t\t\t<style>\/*! elementor - v3.16.0 - 17-10-2023 *\/\n.elementor-column .elementor-spacer-inner{height:var(--spacer-size)}.e-con{--container-widget-width:100%}.e-con-inner>.elementor-widget-spacer,.e-con>.elementor-widget-spacer{width:var(--container-widget-width,var(--spacer-size));--align-self:var(--container-widget-align-self,initial);--flex-shrink:0}.e-con-inner>.elementor-widget-spacer>.elementor-widget-container,.e-con>.elementor-widget-spacer>.elementor-widget-container{height:100%;width:100%}.e-con-inner>.elementor-widget-spacer>.elementor-widget-container>.elementor-spacer,.e-con>.elementor-widget-spacer>.elementor-widget-container>.elementor-spacer{height:100%}.e-con-inner>.elementor-widget-spacer>.elementor-widget-container>.elementor-spacer>.elementor-spacer-inner,.e-con>.elementor-widget-spacer>.elementor-widget-container>.elementor-spacer>.elementor-spacer-inner{height:var(--container-widget-height,var(--spacer-size))}.e-con-inner>.elementor-widget-spacer.elementor-widget-empty,.e-con>.elementor-widget-spacer.elementor-widget-empty{position:relative;min-height:22px;min-width:22px}.e-con-inner>.elementor-widget-spacer.elementor-widget-empty .elementor-widget-empty-icon,.e-con>.elementor-widget-spacer.elementor-widget-empty .elementor-widget-empty-icon{position:absolute;top:0;bottom:0;left:0;right:0;margin:auto;padding:0;width:22px;height:22px}<\/style>\t\t<div class=\"elementor-spacer\">\n\t\t\t<div class=\"elementor-spacer-inner\"><\/div>\n\t\t<\/div>\n\t\t\t\t<\/div>\n\t\t\t\t<\/div>\n\t\t\t\t\t<\/div>\n\t\t<\/div>\n\t\t\t\t\t\t\t<\/div>\n\t\t<\/section>\n\t\t\t\t\t\t\t<\/div>\n\t\t","protected":false},"excerpt":{"rendered":"<p>Leo Arruda Designer Service Freelance Sp\u00e9cialis\u00e9e dans la cr\u00e9ation d&#8217;image de marque, j&#8217;assiste les professionnels, entrepreneurs et petites entreprises dans la cr\u00e9ation d&#8217;identit\u00e9 visuelle, supports print et digitaux. &times; Descartar esta alerta. Logos Print TV Design Graphic photographie Illustration Web \/ Social Media Identit\u00e9 Visuelle \u00c1 propos<\/p>\n","protected":false},"author":1,"featured_media":0,"parent":0,"menu_order":0,"comment_status":"closed","ping_status":"closed","template":"","meta":[],"_links":{"self":[{"href":"https:\/\/leoarruda.ovh\/index.php\/wp-json\/wp\/v2\/pages\/164"}],"collection":[{"href":"https:\/\/leoarruda.ovh\/index.php\/wp-json\/wp\/v2\/pages"}],"about":[{"href":"https:\/\/leoarruda.ovh\/index.php\/wp-json\/wp\/v2\/types\/page"}],"author":[{"embeddable":true,"href":"https:\/\/leoarruda.ovh\/index.php\/wp-json\/wp\/v2\/users\/1"}],"replies":[{"embeddable":true,"href":"https:\/\/leoarruda.ovh\/index.php\/wp-json\/wp\/v2\/comments?post=164"}],"version-history":[{"count":229,"href":"https:\/\/leoarruda.ovh\/index.php\/wp-json\/wp\/v2\/pages\/164\/revisions"}],"predecessor-version":[{"id":1686,"href":"https:\/\/leoarruda.ovh\/index.php\/wp-json\/wp\/v2\/pages\/164\/revisions\/1686"}],"wp:attachment":[{"href":"https:\/\/leoarruda.ovh\/index.php\/wp-json\/wp\/v2\/media?parent=164"}],"curies":[{"name":"wp","href":"https:\/\/api.w.org\/{rel}","templated":true}]}}